-8*o + 3*o = -50. Suppose o*p - 6*p = 0. Suppose p = 5*l + 20, -20 - 6 = -2*c + 4*l. What is the highest common divisor of 25 and c?
5
Let x = 40 + -13. Suppose -4*a + 6*a + 4*t - 498 = 0, 1194 = 5*a - 7*t. Calculate the greatest common divisor of x and a.
27
Let b(i) = -i**2 - 14*i - 9. Let s be b(-7). Suppose s + 8 = 8*r. Suppose r*f = 315 + 135. What is the greatest common factor of 25 and f?
25
Let v be ((-3 + -5)/2 - -1) + (327 - 34). Calculate the highest common divisor of v and 310.
10
Let j = -1033 - -1048. Suppose 45 = 2*t + t. Calculate the highest common factor of j and t.
15
Let c(d) = 2*d + 51. Let w be c(-21). Let p be 1*-2 + (-3)/(w/(-3)). Let a(m) = -71*m - 5. Let t be a(p). What is the greatest common factor of 11 and t?
11
Let t be 83*(310 + (-6)/(-6*3/12)). Calculate the highest common factor of t and 332.
166
Let c be 5 - 1 - 99/(-1). Suppose -14 = -3*t + c. Suppose 48 = 3*s - 30. Calculate the highest common factor of s and t.
13
Suppose 17*h - 834 + 341 = 816. Calculate the greatest common factor of 297 and h.
11
Let y(m) = -10*m + 84. Let f(h) = -6*h + 42. Let k(z) = -5*f(z) + 2*y(z). Let v be k(6). What is the highest common divisor of v and 162?
18
Let m be (-2)/2*-3 - -79. Suppose -6*n - m = -4*n. Let w = -23 - n. Calculate the greatest common divisor of 9 and w.
9
Let v(i) = i**3 + 9*i**2 - 8*i - 6. Let w be v(-6). Let f be (-720)/32*((-1044)/99 + (-6)/(-11)). Calculate the highest common divisor of f and w.
75
Suppose -4*n + 3*p = -112, 3*n - 86 = -p - 2. Suppose 5*g + 2216 - 2066 = 2*v, -2*v + 3*g + 146 = 0. Calculate the greatest common divisor of n and v.
14
Suppose 5*w = 3*s - 20, 12 = s + 3*w - 2*w. Suppose -391*l + 28 = -384*l. Calculate the highest common divisor of l and s.
2
Let j = 1725 + -1733. Let s(q) = 3*q**2 + 12 - 2*q - 4*q**2 - 6*q. Let a be s(j). What is the highest common factor of 8 and a?
4
Let m(g) = -344*g**3 + 4*g**2 - 2*g - 1. Let w be m(1). Let k = w - -497. Calculate the greatest common factor of 22 and k.
22
Suppose 2*v + v - 168 = 0. Suppose 2*j - 238 = -4*s, -j - 159 - 58 = -4*s. Calculate the greatest common divisor of v and s.
56
Suppose 10*i - 8*i = 768. Suppose -96*g = -52*g + 128*g - 24768. What is the highest common divisor of i and g?
48
Suppose 53*g - 69*g - 160 = 0. Let c be -1 + (-28)/(-42) + g/(-3). Calculate the greatest common factor of 69 and c.
3
Suppose 2*k - 4440 = -82*b + 78*b, 8*b = 2*k + 8892. What is the highest common divisor of b and 101?
101
Suppose -10 = 2*g + 3*g. Let h be 1 + (-5 - 2)*g. Suppose 2114*u - 2075*u - 7605 = 0. Calculate the greatest common factor of u and h.
15
Suppose 4*x = 5*o - 80 - 144, 0 = -x - 1. Let u = -8 + o. Suppose 4*s + 3 - 7 = 0, -5*c - 2*s = -122. Calculate the highest common factor of c and u.
12
Let v = -7124 + 7130. Calculate the greatest common divisor of v and 494.
2
Suppose -14*r = 4*r - 90. Suppose 702 = r*j - n, 23*n + 10 = 18*n. What is the greatest common divisor of 60 and j?
20
Let o be (-56)/(-26) - (-20)/(-130). Suppose -3*q - 2*d = -10, -q - 7*d = -3*d. Suppose q*m = -4 + 12. What is the greatest common divisor of o and m?
2
Let n be 110/10*(2 - 1). Let c be (6/n)/(-3) - 7220/(-22). Let o be (-2)/(-9)*-3 + c/24. What is the highest common divisor of o and 143?
13
Let f(j) = -j**3 + 10*j**2 - 10*j + 11. Let v be f(9). Let z = -33 - -39. Suppose -5 = z*u - 53. What is the highest common factor of v and u?
2
Let d(n) = 2*n - 8. Suppose v = -p + 11, -3*v + 26 = -v + 3*p. Let f be d(v). Suppose -25 = -9*i + 29. Calculate the highest common factor of i and f.
6
Let i be 2 + 8 + (386 - -18). What is the highest common divisor of i and 92?
46
Suppose -3*o - 711 = u - 756, u - 4*o = 38. Calculate the highest common divisor of u and 774.
6
Let i(z) = 95*z**2 - 143*z + 572. Let y be i(4). Calculate the greatest common divisor of 24 and y.
8
Let b be 17/(136/(-532))*-2. What is the greatest common factor of 475 and b?
19
Let x = -3319 - -6413. Calculate the greatest common factor of x and 28.
14
Let n(w) = 20*w**3 - 39*w**2 + 264*w - 232. Let y be n(10). What is the highest common factor of y and 28?
28
Let r = -16 + 58. Let m be 1/(419/(-105) - (-86 - -82)). Calculate the greatest common divisor of m and r.
21
Let j(k) = 14*k - 37. Let r be j(3). Suppose -2*n + 0*s = -5*s - 386, r*n - 3*s = 946. What is the greatest common divisor of n and 4?
4
Let t(b) = -b + 1. Let v(k) = -14*k + 24. Let m(l) = -44*t(l) + 2*v(l). Let h be m(-1). Let g = h - -67. What is the highest common factor of g and 22?
11
Let b = -122 - -286. Let q = b - 104. What is the highest common divisor of q and 24?
12
Suppose 18*o = 20*o. Suppose 3*j - 5*w + 71 = -0*w, o = -4*w - 8. Let f be (-20)/(-3)*j/(-6). Calculate the highest common factor of 6 and f.
6
Suppose 12*j = 7*j - 15. Let s be 17 - (j - -3)/(-6). What is the greatest common factor of 187 and s?
17
Let y be 60/20*(68/12)/1. Calculate the highest common factor of y and 4131.
17
Let d be 175 + -138*17/(-102). Calculate the greatest common factor of d and 16533.
99
Suppose -419 = -5*f - 2*b - 355, 4 = f - 4*b. What is the highest common divisor of 5832 and f?
12
Suppose 6 = j - 206. Suppose 0 = -6*b + j + 220. What is the greatest common factor of b and 108?
36
Suppose -4*f - 176 = -8*f. Suppose -144 = -5*u - f. Let y = -11108 - -11128. Calculate the greatest common divisor of u and y.
20
Let j be (56/64 - 1)*-2*52. Calculate the greatest common divisor of 6981 and j.
13
Let k be 8/(-3)*165/(-10). Calculate the highest common factor of 5236 and k.
44
Suppose -194 = -3*j + 5*t, -2145*j + 2140*j - 2*t = -406. Calculate the greatest common divisor of j and 23946.
78
Let k = 28061 - 27584. Calculate the greatest common divisor of 153 and k.
9
Suppose 179*z = 5*k + 175*z - 25, 4*z - 2 = 2*k. What is the greatest common divisor of 828 and k?
9
Let t = -2519 + 2585. Calculate the greatest common divisor of t and 84.
6
Suppose -8*a + 160 = -0*a. Suppose 4*p - a = 0, n + p - 370 - 301 = 0. Suppose -k + 7*k - n = 0. Calculate the greatest common divisor of 74 and k.
37
Suppose -15*j + 4 = -14*j, -5*l + 2*j + 12 = 0. What is the greatest common factor of 338 and l?
2
Let a(u) = -u**3 - 5*u**2 + 47*u + 264. Let y be a(-6). What is the highest common divisor of 150 and y?
6
Let y(s) = 25*s + 300. Let l be y(-10). Suppose -3*a = -l*q + 46*q - 249, a - 5*q - 72 = 0. Calculate the highest common factor of a and 203.
29
Let z(o) be the third derivative of o**6/120 + o**5/30 - o**4/6 - 4*o**3/3 - o**2 - 61*o. Let y be z(3). Calculate the highest common divisor of y and 20.
5
Let x(k) = 20*k - 8. Let o(d) = -d**2 + 37*d - 17. Let y(z) = -6*o(z) + 10*x(z). Let u be y(7). What is the highest common factor of 36 and u?
18
Let k = 91 + -11. Let y(g) = -26*g - 437. Let a be y(-17). Let j = a + k. What is the highest common divisor of j and 34?
17
Let h(b) = -75*b - 7. Let l be h(-3). Let g be -2*157/(-2) - 1090/l. Calculate the greatest common divisor of 8 and g.
8
Suppose -25*v = -23*v - 3*s - 26, -2*s = 4. Suppose -f - v = -29. Calculate the highest common divisor of f and 399.
19
Let r = -136 + 124. Let u be (2255/20)/11 - 9/r. What is the greatest common divisor of 143 and u?
11
Suppose 0 = -4*z - 3*s + 4272, -4*s - 4747 - 624 = -5*z. Calculate the highest common divisor of z and 252.
63
Let t be 477 + 8/(40/25). Let c = t - 440. Calculate the greatest common divisor of 357 and c.
21
Suppose 193*s - 222 = 195*s. Let m = 125 + s. Let h be (-51)/(-7) + 8/(-28). Calculate the greatest common divisor of h and m.
7
Suppose 4*i = 8*c + 948, -9*c - 968 = -4*i - 5*c. Let w(f) = 40*f - 1. Let p be w(1). What is the greatest common factor of p and i?
13
Let x be (-368)/(-115)*(-230)/(-8) + 4. Let c be 9/12*-2*-96. Calculate the highest common factor of x and c.
48
Suppose -4*o + 229 = 3*u + 33, 4*o = -u + 212. Let l(q) = 6*q**2 - 2. Let s be l(2). Calculate the greatest common divisor of s and o.
11
Let s = 4825 + -1237. What is the greatest common factor of s and 468?
156
Let s(h) = h**3 - 8*h**2 - 13*h - 8. Let i be s(10). Suppose 557 - i = 3*t. What is the highest common factor of 30 and t?
15
Let u(k) = 4*k**2 + 19*k - 5. Let n be u(-6). Suppose 36 = t - n. Let q = t - 45. Calculate the highest common divisor of 128 and q.
